r - 57. Is f(3) composite?
True
Suppose 176848 = -4*g + 29900. Let u = 51436 + g. Is u a composite number?
False
Let v(s) = 301*s**2 - 50*s + 608. Is v(-31) a prime number?
True
Suppose w - 118426 = 3*z, -4*w = -5*z + 186807 - 660483. Is w prime?
False
Let i(w) = -w**3 + 16*w**2 - w - 20. Suppose 18 = -12*f + 126. Is i(f) a composite number?
True
Let u(b) = -b**2 - 8*b - 33. Let z be u(-21). Let t be (6/8)/(-3) - z/72. Suppose 3*n + 2223 = a - 2831, -t*n + 15123 = 3*a. Is a prime?
False
Let y = 3650 - 349. Let m = y + 2312. Is m composite?
True
Suppose -3*b = -4*x - 120, 3*x - 135 = b - 5*b. Is (261/b)/((-4)/(-464)) composite?
True
Let s be 1/3 + 67915/(-3). Let y = 15607 + s. Is (-3)/(117/(-6)) - y/13 a composite number?
False
Suppose -3*a = -k - 1031917, 5*a - 1938551 = -3*k - 218680. Is a a prime number?
False
Let i(b) = -3*b**3 + 6*b**2 + 6*b + 11. Let c(f) = 3*f - 15. Let q be c(7). Let s be i(q). Let w = -228 - s. Is w a prime number?
True
Let x(v) = -37*v + v**2 + 32*v - 2 - 7. Let s be x(11). Suppose -54*y - 759 = -s*y. Is y prime?
False
Suppose -49*l + 36*l + 1949218 = 49*l. Is l composite?
True
Suppose 285*n = 13*n + 143934073 + 266600151. Is n a prime number?
False
Let w = -1408 - -5341. Suppose -5*r + 0*r + 3*b = -w, -4*r + 3144 = -3*b. Is r composite?
True
Suppose 2 = 4*m + 3*k, 0*m + m + 4*k + 6 = 0. Suppose 5*z + p - 3*p - 46 = 0, -m*z = -3*p - 25. Let s(h) = 92*h + 7. Is s(z) a prime number?
True
Let p = 446 + -446. Is 2962 + p*(6/(-12) + 1) a composite number?
True
Let h(l) = 51*l - 290. Let p be h(6). Suppose k = 11*f - p*f + 2644, -3*f + 1589 = -2*k. Is f a prime number?
False
Is 2737378*(9/126 + 0) prime?
True
Let a = 8 - -1. Let o be -4 + (a - (-2 - -2)). Suppose 2*x - 5*j = 897, -j + 1349 = 3*x - o*j. Is x a composite number?
True
Suppose 5*k - 100161 = -2*l, -6*k = -k - 3*l - 100171. Suppose 0 = 15*p - k - 22372. Is p a prime number?
False
Suppose h - 3*h + 6 = 0. Suppose -3*o = 43 - 58. Suppose 0 = 5*t - o*l - 4910, h*t + 976 = 4*t - 3*l. Is t prime?
False
Let g be (-1207810)/(-30) + (-2)/6. Suppose 8*r - 6*r - g = -2*b, 20125 = r - 4*b. Is r a prime number?
True
Let q = -159019 - -542366. Is q composite?
False
Suppose 12 = -3*f, 3*p + 3 = 3*f + 24. Suppose p*d + 3*s = 0, 5*s - 27 = 4*d - 0*s. Let c(z) = 70*z**2 - 6*z + 1. Is c(d) a composite number?
True
Is (-2 - (-3 - -3) - 4) + 260950/2 a composite number?
False
Let p(w) = -15*w + 63. Let t be p(4). Suppose 3*b + 4*y - 285 = t*y, -2*y - 370 = -4*b. Is b prime?
False
Suppose 7*j - 81 = -53. Is j/(-3) + 5*(-6171)/(-9) a prime number?
False
Let d(n) = 313*n**2 - 34*n - 27. Let p be d(8). Suppose 22*z = 27*z + v - p, 4*z + v = 15787. Is z prime?
False
Suppose 4*m - 4 + 16 = 0, -5*d = -5*m - 535. Suppose -d*i + 29010 = -89*i. Is i a composite number?
True
Suppose 11 = 3*c - c + 3*b, 4*c - 2*b + 18 = 0. Let l be 4 + (2/4 - c/4). Suppose l*r - 2783 = 2102. Is r a prime number?
True
Let l = 38 - 33. Suppose 0*j - 2*f + 8 = j, 18 = l*j - f. Suppose 0 = 2*g - 4*r - 304, -r - 1 - j = 0. Is g a prime number?
False
Suppose 131 = -10*l + 141. Let q = 2065 - 1387. Is (q + 0 + 5)*l a composite number?
False
Suppose -1792 = -4*f + 20*f. Let a = -97 - f. Suppose l - a = 511. Is l composite?
True
Is (-8)/(-32) - (-77238)/8 composite?
True
Let j(u) = 40*u**2 + 4*u + 4. Suppose -3*c - 17 = -4*r + 2, -r = -3*c - 7. Let a be j(r). Suppose 0 = m - 2*d - a, 3328 = 4*m + 4*d + 676. Is m a prime number?
False
Let k(i) be the first derivative of -2651*i**6/120 + i**5/20 - i**3/6 - 19*i**2 - 25. Let x(s) be the second derivative of k(s). Is x(-1) a composite number?
True
Let x be -5*(-7)/5 + 20. Suppose x*g = 15*g + 191532. Is g prime?
False
Let i = -166882 - -269879. Is i prime?
False
Let u = 148497 - 101964. Is u a prime number?
False
Let m = 10 - 3. Let s(l) = 12*l**3 - 12*l + m*l + 2 + l**2 - 2*l. Is s(3) a composite number?
True
Let w(p) = 4*p**3 + 41*p**2 - 888*p + 25. Is w(18) prime?
False
Suppose 2*q - 4 = -g, 2*g - 2 = 5*g - q. Suppose 4*r - 5*r - 17 = g. Is (-3)/9 - (-194)/(-3)*r prime?
False
Let k(w) = 4*w**2 + 4*w + 13. Let q = -23 + 31. Let f be (-3 + 4)*-1 + q. Is k(f) a composite number?
True
Is -2*(-20 + (-1712121)/34) a composite number?
True
Let i(v) = -12*v + 11*v + 13*v + 9 + 119*v**2. Is i(-4) a prime number?
False
Suppose -1068816 - 199995 = -253*o + 226*o. Is o a composite number?
False
Suppose -5*t + 11*q + 2340210 = 0, 0 = t - 136*q + 131*q - 468056. Is t a composite number?
True
Is 518/148*(-41442)/(-21) a composite number?
False
Let o = 150 - 112. Suppose -2622 = o*q - 44*q. Is q prime?
False
Suppose -f + 2625 = -2*t, 10*t = 8*t - 4. Is f composite?
False
Suppose 4*w - 6019 = -1667. Let c(s) = -s**2 - 82*s + 529. Let p be c(6). Is (w - p) + 0*2/6 composite?
False
Suppose 8*o - 5649 = 2871. Let w = -618 + o. Is w a prime number?
False
Let l(c) = 4*c**3 - 18*c**2 - 73*c + 23. Is l(22) a composite number?
False
Let k be (-56)/(-21) - (-6)/(-9). Suppose x = k*v + 4 - 6, 0 = -v - x - 2. Let c(f) = f**2 + 2047. Is c(v) prime?
False
Let b = 182 - 108. Let u = 79 - b. Is (u/(-5))/(4/8) - -207 a prime number?
False
Suppose 2 = 3*h - 19. Suppose -2*v + 12 = 4*c, -4*c + 7 = 3*v - h. Is v/(-8)*(-8628)/3 prime?
True
Let g = -21 + 23. Let i be -3 - (3784/(-4))/g - -1. Suppose 4*k - i = k. Is k prime?
True
Suppose 269 = v - z + 7463, -5*v - 3*z = 35962. Let i = v + 4774. Let w = i + 4878. Is w a composite number?
False
Let n = 97 - 103. Let u(i) = -i**2 - 3*i + 20. Let f be u(n). Suppose -f*k = 3*k - 12415. Is k a prime number?
False
Let j(d) = 5*d**2 - 3*d + 9. Let o = -43 + 33. Let g be o*(-2 - (-16)/10). Is j(g) a prime number?
False
Let h be (-2)/11 + (-40)/(-220). Suppose -3*g - 5*z + 3024 = h, -z - 3*z + 3021 = 3*g. Is g a prime number?
False
Let s(o) = -72*o**2 - o + 3. Let f be s(5). Let d = f + 3763. Is d a prime number?
False
Suppose -q = 2 - 129. Suppose -2*v + 5*v - 219 = -l, -228 = -3*v + 2*l. Let d = q - v. Is d prime?
True
Suppose -5*y - 4*y + 2*y = 0. Let p be (-1)/(-3 + 6 - (2 + y)). Is p/(-6) - (-7952)/96 prime?
True
Let i = 417 + 7336. Is i composite?
False
Suppose 3*y = 9*y. Suppose -77*j + 76*j + 4 = y. Suppose 0 = -j*q + 5*w + 308, 2 = 4*q + 5*w - 306. Is q a prime number?
False
Let t(r) = 53*r**2 + 10*r + 16. Let g be (3 - 0)*((-9)/(-3))/3. Suppose 5*m - g*c + 4 + 6 = 0, 0 = -m - 3*c - 20. Is t(m) a prime number?
True
Let o(c) be the second derivative of -c**3 - 26*c**2 + c. Let k be o(-24). Suppose j = t + k, 0*j + 4*t = j - 77. Is j a composite number?
False
Is ((-6329)/2)/(14/8*138/(-483)) a prime number?
True
Let g be (5/(-20))/(4/(-162256)). Let t = g + -5522. Is t composite?
True
Suppose 4*r + 0 = 20, 2*b - 99357 = r. Is b a composite number?
False
Suppose -53*o + 156257 + 67778 = -110766. Is o prime?
True
Let i = 12192 - -13419. Is i prime?
False
Let d = 302 + -177. Let v = 248 + d. Is v a composite number?
False
Suppose -21*l + 5*l = -368. Suppose l*u - 99428 = 12191. Is u composite?
True
Let g(y) = -3487*y - 323. Is g(-12) a composite number?
False
Let n(s) = -s**3 + 50*s**2 + 10*s + 647. Is n(-106) composite?
False
Let z(x) be the third derivative of 133*x**5/20 - 35*x**3/6 - x**2 + 143. Is z(-4) composite?
True
Suppose 5*z + 2*y - 9170 = 0, 6*y - 8*y = 0. Suppose 3*o + 6 = 0, 0 = 4*r - 20*o + 17*o - z. Is r composite?
False
Let n = 62 - 62. Let w(r) = -r**2 + r + 709. Is w(n) prime?
True
Let f(z) = 4*z**2 - 7*z - 12. Let x be f(-15). Let k = x + -154. Is k composite?
False
Let j(w) = 55*w**3 - 4*w**2 - 2*w + 1. Let r be j(-1). Let d be r/(2 - 6/4). Let b = d - -199. Is b a prime number?
False
Let w(y) = -y**2 + 18*y - 16. Let p be w(17). Let l(f) = 11*f**3 + f**2 - 1. Let u be l(p). Is -3 + u/(-1)*-2 prime?
True
Suppose -4*r - 20*h + 16*h = -1171612, -2*r + 4*h + 585842 = 0. Is r a prime number?
True
Suppose -2*v + v + 75 = 0. Is -2095*(4/6)/(v/(-45)) prime?
False
Let y(t) = 476*t + 474. Let q(s) = 715*s + 712. Let i(k) = 5*q(k) - 8*y(k). Is i(-9) composite?
True
Suppose -4*w = -11*w + 87185. Suppose 0 = -9*l + 4*l + w. Is l composite?
True
Let d be 17/5 + 82/(-205). Let i(q) = 1204*q + 25. Is i(d) prime?
True
Suppose 0 = 244*z - 490*z + 3465894. Is z a prime number?
False
Let p(m) = -163*m**3 - m**2 - 12*m - 69. Let g be p(-4). Suppose -16*h - 